e -4*n = -3*n - b. What are the prime factors of n?
29
Suppose 2*p = 5*p - 15. Let b = p + -3. Let t = b - -4. What are the prime factors of t?
2, 3
Let m(s) = 2*s**2 - 2*s - 8. What are the prime factors of m(5)?
2
Suppose 3*a - 438 = -3*c, 3*a = -a + 4*c + 552. What are the prime factors of a?
2, 71
Let u be (-2 - 2/4)*2. Let l(b) = 3*b + 6. Let m(d) = -d - 1. Let h(v) = l(v) + 4*m(v). List the prime factors of h(u).
7
Suppose -2*q + 4*w = 8, 0 = -q + 5*w - 1 - 6. Let l = 6 + q. List the prime factors of l.
2
Let n(d) = -3*d - 28. Let v(y) = 5*y + 42. Let a(z) = 8*n(z) + 5*v(z). Let j be a(0). Let i = j - -26. What are the prime factors of i?
2, 3
Suppose 2*o = 6*o - 16. List the prime factors of (9*o)/(21/14).
2, 3
Let p = -111 + 339. List the prime factors of p.
2, 3, 19
Suppose c + 28 = -3*c. Let d(b) = -20*b**2 - 13*b - 47. Let g(k) = -7*k**2 - 4*k - 16. Let j(s) = 6*d(s) - 17*g(s). List the prime factors of j(c).
11
Let f = -233 + 403. List the prime factors of f.
2, 5, 17
Suppose -5*i + 2*u + 35 = 0, 50 = 2*i + 3*i - 5*u. Let c(g) = -g + 8. Let v be c(i). Suppose -5*z = 5*s - 51 + 16, 29 = v*s - z. List the prime factors of s.
3
Let k = 6 + -2. Let q = k - 2. Let c = q - 0. List the prime factors of c.
2
List the prime factors of 2344/18 + (-28)/126.
2, 5, 13
Let q(i) = i**2 - 11*i + 8. Suppose -2*y - 31 - 10 = -3*u, 0 = 5*u - 5*y - 75. Let p be q(u). Let b = -4 + p. What are the prime factors of b?
2
Suppose -9*h + 300 = -3*h. What are the prime factors of h?
2, 5
Suppose -6*v + 348 + 12 = 0. What are the prime factors of v?
2, 3, 5
Suppose -17 = 5*s + 8. Let j(h) be the first derivative of -h**2 + 4*h - 2. List the prime factors of j(s).
2, 7
Let r(d) be the second derivative of d**3/6 - 5*d**2/2 - d. Let u(b) = 6*b**2 - 2*b - 1. Let j be u(-1). What are the prime factors of r(j)?
2
Suppose 0*b - 3*b - 119 = -5*p, 3*p + b = 77. List the prime factors of p.
5
Suppose -2*s = -7*s + 15. Suppose -44 = -o - s*o. What are the prime factors of o?
11
Suppose -15 = 11*c - 367. What are the prime factors of c?
2
Suppose -3*o = -5*o + 32. What are the prime factors of o?
2
Let f(l) be the second derivative of -5*l**3/6 + 3*l. Let b be f(-1). Suppose -b*n - 99 - 13 = -4*j, 3*n = 2*j - 58. List the prime factors of j.
23
What are the prime factors of (-4)/14 - 2880/(-84)?
2, 17
Let a = 2 + 0. Suppose -4*i = 5 + 3, 0 = n - i - a. Suppose n = -5*c - 1 + 6, 0 = -x - 4*c + 11. List the prime factors of x.
7
Let r(u) = u**3 - 4*u**2 + 3*u - 5. Let f be r(5). Suppose 2*q - 5*q + 15 = 0. Suppose 0 = -q*p + f. What are the prime factors of p?
7
Suppose 2*b = 4*j + 144, -4*b + 2*j + 320 = b. List the prime factors of b.
2, 31
Let t(x) = -x. Let m(w) = -2*w**2 - 3*w. Let k be m(-2). Let p be t(k). What are the prime factors of (p - 4)/2 + 3?
2
Suppose 5*s + 1 = 11. Suppose s*d - 2*m = 14, 2*d + 4*m = 2*m + 26. Suppose -d = -x - x. List the prime factors of x.
5
Suppose 3*a - 150 = 3*v, 2*a = -3*a + 3*v + 242. What are the prime factors of a?
2, 23
Let s(m) = -31*m - 1. What are the prime factors of s(-8)?
13, 19
Let s(u) = u**3 + 5*u**2 - 10*u - 8. Let p be s(-6). Let q = 26 - p. List the prime factors of q.
2, 5
Let r = -89 + 166. Let m = -37 + r. What are the prime factors of m?
2, 5
Suppose 0*h - 2*h = -298. What are the prime factors of h?
149
Let k be (4 + -13)/(1 - 0). Let j(s) = s + 18. What are the prime factors of j(k)?
3
Let d(f) = f + 4 + 1 + 2. Let r be d(-3). List the prime factors of (-11)/r*(1 + -5).
11
Let f(q) = q**3 - 5*q**2 + q - 3. Let s be f(5). Suppose a - 9 = -s*y, -y = 3*a + a - 15. Suppose -6*p + y*p = -36. What are the prime factors of p?
2, 3
Suppose -51 = -l - 2. List the prime factors of l.
7
Suppose 0 = -2*o - o - 18. Let m be 6 - o/(-2) - -2. Let p = 9 - m. What are the prime factors of p?
2
Let z(l) = -l - 8. Let t be z(-8). Suppose -4*p + 12 = -t*p. Suppose 0 = 3*y, 0 = p*m - 5*y - 6 - 3. List the prime factors of m.
3
Let s(q) = -q**3 + 2*q**2 + 3*q - 3. Let j be s(2). List the prime factors of (j*(-111)/(-9))/1.
37
Let j(i) = -59*i**3 + i**2 + i + 1. What are the prime factors of j(-1)?
2, 3, 5
Suppose -6 = -5*i + 54. Let m = i + 13. List the prime factors of m.
5
Let j be (20/8)/(1/2). Suppose j*k + 0 - 85 = 0. What are the prime factors of k?
17
Suppose 0 = -18*j + 220 + 626. List the prime factors of j.
47
Let p be -3*(4 - 2) - -3. Let q(y) = -15*y - 3. List the prime factors of q(p).
2, 3, 7
Suppose 0 = 2*s + 3*s + m - 604, 5*s - 620 = -5*m. Suppose -2*b - s = -6*b. What are the prime factors of b?
2, 3, 5
Let m(d) = d + 23. Let h be m(-10). Let v(y) = -y + 17. What are the prime factors of v(h)?
2
Let o be 0/(-3) - (-2)/1. Suppose 3*h + 3*v - 17 = o*h, -4*v = -h - 18. Suppose -7*p + h*p = -25. List the prime factors of p.
5
List the prime factors of (3/4)/(9/756).
3, 7
Suppose 4*t - 15 = 3*t. List the prime factors of t.
3, 5
Suppose -36 = 9*p - 10*p. List the prime factors of p.
2, 3
Let g(n) = n**2 - 5*n - 6. Let u be g(-7). Suppose u = 2*h - 6. List the prime factors of h.
2, 3, 7
Let h(p) = -p**3 - 3*p**2 - 3*p - 6. Let u be h(-4). Let j = -10 + u. What are the prime factors of j?
2, 3
Suppose 0 = -4*r - 4 + 12. Suppose -4*o + 3*a = -18, a - r*a = -o + 4. What are the prime factors of o?
2, 3
Let k be ((-9)/(-2))/((-3)/(-4)). Let v(s) = s - 5. Let m be v(8). List the prime factors of m*((-20)/k)/(-1).
2, 5
Let b(g) = 2*g**2 - 11. List the prime factors of b(5).
3, 13
Suppose 2*l - 5 = l. Suppose -4*c + 8 = 2*n, -2*n + 0*c - l*c + 6 = 0. What are the prime factors of n?
2
Suppose -6*u - 6 + 60 = 0. What are the prime factors of u?
3
Let b be (2/3)/(2/15). Suppose 0*t + 5*m = -3*t + 22, m - 10 = -2*t. Suppose b*k + t*w - 24 = 0, -6*w + w + 5 = 0. What are the prime factors of k?
2
Let v be 1 + 2 + -2 + -1. Suppose v*m = -4*m + 12. List the prime factors of m.
3
List the prime factors of (12/(-8))/(18/(-24)).
2
Let l(t) = 55*t**2 + 2*t + 4. What are the prime factors of l(2)?
2, 3, 19
Let k(r) = -19*r**2 - r. Let v be k(1). Let t = v - -37. List the prime factors of t.
17
Let c(d) = -d + 1. Let j be 21/15 + (-2)/5. Let v be c(j). Suppose -y + v*y + 12 = 0. List the prime factors of y.
2, 3
Let t be 45/110*-2 + (-4)/22. Let g(d) = -3*d + 6*d - 15*d. What are the prime factors of g(t)?
2, 3
Suppose -2*v + 5*x + 4 + 0 = 0, 4*x = 5*v - 10. Let h = 2 + -2. Suppose h*m = -v*m + 10. What are the prime factors of m?
5
Let p(x) = 2*x**2 - 6*x - 5. Let u be p(5). Let d = -12 - -14. Suppose -u = -d*q + 3. What are the prime factors of q?
3
Suppose -22 + 10 = -3*u. List the prime factors of u.
2
Let c = 9 - 1. Let f be c/2*2/(-4). List the prime factors of (9 + 2)*(f - -3).
11
Let v be ((-66)/8)/(3/(-8)). Let m = v + -15. What are the prime factors of m?
7
Let r(z) = 5*z**2 + z - 1. Let w be r(1). Suppose w*t = t - 44. Let y = 22 + t. List the prime factors of y.
11
Let l(q) = -2*q**3 + 3*q**2 + 2*q. What are the prime factors of l(-2)?
2, 3
Suppose -108 = 3*f - 7*f. List the prime factors of f.
3
Let k(v) = v**3 - 7*v**2 + v - 4. Let b be k(7). Suppose b*r - 164 = -r. Suppose -2*j - r = -3*u, 0 = u + u + 3*j - 23. What are the prime factors of u?
13
Let q = -217 + 144. Let m = 105 + q. List the prime factors of m.
2
Let w = -123 - -158. What are the prime factors of w?
5, 7
Let r(k) = -7*k - 9 + k**3 + 5*k**2 + 3*k - 4*k. Let n be r(-6). What are the prime factors of 41/n - (-7)/21?
2, 7
Let p(v) be the first derivative of -v**3/3 - 3*v**2 + 6*v + 3. Let b be p(-7). What are the prime factors of 36/(2 + -5)*b?
2, 3
Let r be (-684)/(-16) + 6/(-8). What are the prime factors of ((-12)/(-8))/(9/r)?
7
Let k(p) = -p + 14. Let n be k(12). Suppose n*s - 2 = 0, h - 4*s + 12 = 5*h. What are the prime factors of h?
2
Suppose 5*p - 123 - 87 = -5*h, -3*p + 121 = -2*h. Suppose 0 = 2*l + 5 - p. List the prime factors of l.
2, 3
Let p(u) = 101*u - 1. Let a be p(1). Suppose -4*z - 2*w + a = 18, -w - 120 = -5*z. What are the prime factors of z?
23
Let v(r) = -r**3 - 10*r**2 - 3*r - 7. What are the prime factors of v(-10)?
23
Suppose -4*q + 25 + 1 = -2*b, 5*q = b + 34. List the prime factors of q.
7
Suppose 3*x - 376 = -5*t + 50, 0 = 5*x + 15. Suppose -d = 12 - t. Suppose 2*w - 2*v - 35 = 11, -5*w + d = 3*v. What are the prime factors of w